{"id":339,"date":"2020-04-02T17:45:49","date_gmt":"2020-04-02T15:45:49","guid":{"rendered":"https:\/\/veronastudio.eu\/?page_id=339"},"modified":"2023-09-26T14:55:00","modified_gmt":"2023-09-26T12:55:00","slug":"cennik","status":"publish","type":"page","link":"https:\/\/veronastudio.eu\/pl\/cennik\/","title":{"rendered":"Cennik"},"content":{"rendered":"<div class=\"wpb-content-wrapper\">[vc_section full_width=&#8221;stretch_row&#8221; el_class=&#8221;verona-subheader&#8221;][vc_row content_placement=&#8221;bottom&#8221;][vc_column offset=&#8221;vc_col-lg-7&#8243;][vc_column_text el_class=&#8221;subheader-heading&#8221;]\n<h1>Cennik<\/h1>\n[\/vc_column_text][\/vc_column][vc_column offset=&#8221;vc_col-lg-5&#8243;][\/vc_column][\/vc_row][\/vc_section][vc_section full_width=&#8221;stretch_row&#8221; el_class=&#8221;verona-pricelist&#8221;][vc_row][vc_column offset=&#8221;vc_col-lg-offset-2 vc_col-lg-8&#8243;][vc_column_text]<strong>Prosz\u0119 pami\u0119ta\u0107, \u017ce odwo\u0142anie wizyty mniej ni\u017c 24h przed jej rozpocz\u0119ciem wi\u0105\u017ce si\u0119 z op\u0142at\u0105 50% warto\u015bci um\u00f3wionego zabiegu.<\/strong>[\/vc_column_text]\t<div id=\"thb-accordion-69f2e1a378145\" class=\"thb-accordion style2 \" data-scroll=\"\" data-index=\"0\">\n\t\t[vc_tta_section title=&#8221;Makija\u017c permanentny&#8221; tab_id=&#8221;1585843945739-98f4e33a-7e00&#8243; el_class=&#8221;makijaz-permanentny&#8221;][vc_column_text]\n<h5>Makija\u017c permanentny brwi<\/h5>\n<table style=\"border-collapse: collapse; width: 100%;\">\n<tbody>\n<tr>\n<td style=\"width: 50%;\">Makija\u017c permanentny brwi metoda Ombre Brows (2 wizyty)<\/td>\n<td style=\"width: 50%;\">250 \u20ac<\/td>\n<\/tr>\n<tr>\n<td style=\"width: 50%;\">Dopigmentowanie do 8 tygodni<\/td>\n<td style=\"width: 50%;\">Gratis<\/td>\n<\/tr>\n<tr>\n<td style=\"width: 50%;\">Dopigmentowanie po 8 tygodniach<\/td>\n<td style=\"width: 50%;\">Do ustalenia<\/td>\n<\/tr>\n<tr>\n<td style=\"width: 50%;\">Korekta do 6 miesi\u0119cy<\/td>\n<td style=\"width: 50%;\">60 \u20ac<\/td>\n<\/tr>\n<tr>\n<td style=\"width: 50%;\">Korekta do 1 roku<\/td>\n<td style=\"width: 50%;\">125 \u20ac<\/td>\n<\/tr>\n<tr>\n<td style=\"width: 50%;\">Korekta do 2 lat<\/td>\n<td style=\"width: 50%;\">Do ustalenia<\/td>\n<\/tr>\n<\/tbody>\n<\/table>\n[\/vc_column_text][vc_column_text]\n<h5>Makija\u017c permanentny ust<\/h5>\n<table style=\"border-collapse: collapse; width: 100%;\">\n<tbody>\n<tr>\n<td style=\"width: 50%;\">Makija\u017c permanentny ust<\/td>\n<td style=\"width: 50%;\">250 \u20ac<\/td>\n<\/tr>\n<tr>\n<td style=\"width: 50%;\">Dopigmentowanie do 8 tygodni<\/td>\n<td style=\"width: 50%;\">Gratis<\/td>\n<\/tr>\n<tr>\n<td style=\"width: 50%;\">Dopigmentowanie po 8 tygodniach<\/td>\n<td style=\"width: 50%;\">Do ustalenia<\/td>\n<\/tr>\n<tr>\n<td style=\"width: 50%;\">Korekta do 6 miesi\u0119cy<\/td>\n<td style=\"width: 50%;\">60 \u20ac<\/td>\n<\/tr>\n<tr>\n<td style=\"width: 50%;\">Korekta do 1 roku<\/td>\n<td style=\"width: 50%;\">125 \u20ac<\/td>\n<\/tr>\n<tr>\n<td style=\"width: 50%;\">Korekta do 2 lat<\/td>\n<td style=\"width: 50%;\">Do ustalenia<\/td>\n<\/tr>\n<\/tbody>\n<\/table>\n[\/vc_column_text][vc_column_text el_class=&#8221;disclaimer&#8221;]Zastrzegam, i\u017c cena dopigmentowania \/ korekty makija\u017cu permanentnego mo\u017ce ulec zmianie z powodu stanu (intensywno\u015bci) makija\u017cu permanentnego, kt\u00f3ry posiada klientka. Dlatego przed zapisem na od\u015bwie\u017cenie prosz\u0119 o dokumentacj\u0119 zdj\u0119ciow\u0105 obecnego stanu makija\u017cu permanentnego, abym mog\u0142a wyceni\u0107 us\u0142ug\u0119 oraz zarezerwowa\u0107 odpowiedni\u0105 ilo\u015b\u0107 czasu.[\/vc_column_text][\/vc_tta_section][vc_tta_section title=&#8221;Stylizacja brwi&#8221; tab_id=&#8221;1585843945758-bb23e575-3a70&#8243; el_class=&#8221;stylizacja-brwi&#8221;][vc_column_text]\n<table style=\"border-collapse: collapse; width: 100%;\">\n<tbody>\n<tr>\n<td style=\"width: 50%;\">Regulacja brwi + henna Reflectocil<\/td>\n<td style=\"width: 50%;\">25 \u20ac<\/td>\n<\/tr>\n<tr>\n<td style=\"width: 50%;\">Henna brwi BrowXenna (6 tygodni)<\/td>\n<td style=\"width: 50%;\">30 \u20ac<\/td>\n<\/tr>\n<\/tbody>\n<\/table>\n[\/vc_column_text][\/vc_tta_section][vc_tta_section title=&#8221;Lifting rz\u0119s&#8221; tab_id=&#8221;1585849654330-fa9e850e-ba63&#8243; el_class=&#8221;lifting-rzes&#8221;][vc_column_text]\n<table style=\"border-collapse: collapse; width: 100%;\">\n<tbody>\n<tr>\n<td style=\"width: 50%;\">Lifting, laminacja, botox, henna rz\u0119s Elleebana<\/td>\n<td style=\"width: 50%;\">40 \u20ac<\/td>\n<\/tr>\n<\/tbody>\n<\/table>\n[\/vc_column_text][\/vc_tta_section][vc_tta_section title=&#8221;Manicure i Nail Art&#8221; tab_id=&#8221;1585849666684-80b80295-3f0b&#8221; el_class=&#8221;manicure&#8221;][vc_column_text]\n<h5>Manicure hybrydowy<\/h5>\n<table style=\"border-collapse: collapse; width: 100%;\">\n<tbody>\n<tr>\n<td style=\"width: 50%;\">1 kolor<\/td>\n<td style=\"width: 50%;\">45 \u20ac<\/td>\n<\/tr>\n<\/tbody>\n<\/table>\n[\/vc_column_text][vc_column_text]\n<h5>\u017bel na naturalnej p\u0142ytce<\/h5>\n<table style=\"border-collapse: collapse; width: 100%;\">\n<tbody>\n<tr>\n<td style=\"width: 50%;\">\u017bel na naturalnej p\u0142ytce + 1 kolor<\/td>\n<td style=\"width: 50%;\">50 \u20ac<\/td>\n<\/tr>\n<tr>\n<td style=\"width: 50%;\">Naprawa paznokcia (1 sztuka)<\/td>\n<td style=\"width: 50%;\">5 \u20ac<\/td>\n<\/tr>\n<tr>\n<td style=\"width: 50%;\">Usuniecie starego setu (nie moja praca)<\/td>\n<td style=\"width: 50%;\">5 \u20ac<\/td>\n<\/tr>\n<\/tbody>\n<\/table>\n[\/vc_column_text][vc_column_text]\n<h5>BIAB Manicure<\/h5>\n<table style=\"border-collapse: collapse; width: 100%;\">\n<tbody>\n<tr>\n<td style=\"width: 50%;\">BIAB Manicure<\/td>\n<td style=\"width: 50%;\">50 \u20ac<\/td>\n<\/tr>\n<\/tbody>\n<\/table>\n[\/vc_column_text][vc_column_text]\n<h5>Przed\u0142u\u017canie paznokci na formie \/ \u017cel<\/h5>\n<table style=\"border-collapse: collapse; width: 100%;\">\n<tbody>\n<tr>\n<td style=\"width: 50%;\">Przed\u0142u\u017canie paznokci na formie \/ \u017cel<\/td>\n<td style=\"width: 50%;\">60 \u20ac<\/td>\n<\/tr>\n<tr>\n<td style=\"width: 50%;\">Uzupe\u0142nienie do 4 tygodni<\/td>\n<td style=\"width: 50%;\">50 \u20ac<\/td>\n<\/tr>\n<tr>\n<td style=\"width: 50%;\">Naprawa paznokcia (szt.)<\/td>\n<td style=\"width: 50%;\">5 \u20ac<\/td>\n<\/tr>\n<\/tbody>\n<\/table>\n[\/vc_column_text][vc_column_text]\n<h5>Zdobienie paznokci<\/h5>\n<table style=\"border-collapse: collapse; width: 97.1284%;\">\n<tbody>\n<tr>\n<td style=\"width: 50%;\">French<\/td>\n<td style=\"width: 50%;\">10 \u20ac<\/td>\n<\/tr>\n<tr>\n<td style=\"width: 50%;\">Babyboomer<\/td>\n<td style=\"width: 50%;\">5 \u20ac<\/td>\n<\/tr>\n<tr>\n<td style=\"width: 50%;\">Nail Art -zdobienie liczone indywidualnie<\/td>\n<td style=\"width: 50%;\">Wy\u015blij zdj\u0119cie inspiracji i zapytaj mnie o cen\u0119<\/td>\n<\/tr>\n<\/tbody>\n<\/table>\n<p>Reklamacja do 5 dni[\/vc_column_text][\/vc_tta_section][vc_tta_section title=&#8221;Piel\u0119gnacja d\u0142oni&#8221; tab_id=&#8221;1585849682307-94af50c7-b0ca&#8221; el_class=&#8221;pielegnacja-dloni&#8221;][vc_column_text]\n<table style=\"border-collapse: collapse; width: 100%;\">\n<tbody>\n<tr>\n<td style=\"width: 50%;\">Parafina na d\u0142onie: Pe\u0142ny zabieg piel\u0119gnacyjny d\u0142oni (peeling, parafina, maska)<\/td>\n<td style=\"width: 50%;\">35 \u20ac<\/td>\n<\/tr>\n<\/tbody>\n<\/table>\n[\/vc_column_text][\/vc_tta_section][vc_tta_section title=&#8221;Depilacja woskiem&#8221; tab_id=&#8221;1585849697577-ed306206-46b5&#8243; el_class=&#8221;depilacja-woskiem&#8221;][vc_column_text]\n<table style=\"border-collapse: collapse; width: 100%;\">\n<tbody>\n<tr>\n<td style=\"width: 50%;\">Brwi<\/td>\n<td style=\"width: 50%;\">10 \u20ac<\/td>\n<\/tr>\n<tr>\n<td style=\"width: 50%;\">W\u0105sik<\/td>\n<td style=\"width: 50%;\">5 \u20ac<\/td>\n<\/tr>\n<tr>\n<td style=\"width: 50%;\">Broda<\/td>\n<td style=\"width: 50%;\">5 \u20ac<\/td>\n<\/tr>\n<tr>\n<td style=\"width: 50%;\">Policzki<\/td>\n<td style=\"width: 50%;\">10 \u20ac<\/td>\n<\/tr>\n<tr>\n<td style=\"width: 50%;\">Pachy<\/td>\n<td style=\"width: 50%;\">10 \u20ac<\/td>\n<\/tr>\n<tr>\n<td style=\"width: 50%;\">R\u0119ce<\/td>\n<td style=\"width: 50%;\">15 \u20ac &#8211; 25 \u20ac<\/td>\n<\/tr>\n<tr>\n<td style=\"width: 50%;\">Bikini<\/td>\n<td style=\"width: 50%;\">15 \u20ac &#8211; 35 \u20ac<\/td>\n<\/tr>\n<tr>\n<td style=\"width: 50%;\">Nogi (\u0142ydki+uda)<\/td>\n<td style=\"width: 50%;\">50 \u20ac<\/td>\n<\/tr>\n<\/tbody>\n<\/table>\n[\/vc_column_text][\/vc_tta_section]\t<\/div>\n\t[\/vc_column][\/vc_row][\/vc_section]\n<\/div>","protected":false},"excerpt":{"rendered":"<p>[vc_section full_width=&#8221;stretch_row&#8221; el_class=&#8221;verona-subheader&#8221;][vc_row content_placement=&#8221;bottom&#8221;][vc_column offset=&#8221;vc_col-lg-7&#8243;][vc_column_text el_class=&#8221;subheader-heading&#8221;] Cennik [\/vc_column_text][\/vc_column][vc_column offset=&#8221;vc_col-lg-5&#8243;][\/vc_column][\/vc_row][\/vc_section][vc_section full_width=&#8221;stretch_row&#8221; el_class=&#8221;verona-pricelist&#8221;][vc_row][vc_column offset=&#8221;vc_col-lg-offset-2 vc_col-lg-8&#8243;][vc_column_text]Prosz\u0119 pami\u0119ta\u0107, \u017ce odwo\u0142anie wizyty mniej ni\u017c 24h przed jej rozpocz\u0119ciem wi\u0105\u017ce si\u0119 z op\u0142at\u0105 50% warto\u015bci um\u00f3wionego zabiegu.[\/vc_column_text][\/vc_column][\/vc_row][\/vc_section]<\/p>\n","protected":false},"author":1,"featured_media":0,"parent":0,"menu_order":0,"comment_status":"closed","ping_status":"closed","template":"","meta":{"_seopress_robots_primary_cat":"","footnotes":""},"_links":{"self":[{"href":"https:\/\/veronastudio.eu\/pl\/wp-json\/wp\/v2\/pages\/339"}],"collection":[{"href":"https:\/\/veronastudio.eu\/pl\/wp-json\/wp\/v2\/pages"}],"about":[{"href":"https:\/\/veronastudio.eu\/pl\/wp-json\/wp\/v2\/types\/page"}],"author":[{"embeddable":true,"href":"https:\/\/veronastudio.eu\/pl\/wp-json\/wp\/v2\/users\/1"}],"replies":[{"embeddable":true,"href":"https:\/\/veronastudio.eu\/pl\/wp-json\/wp\/v2\/comments?post=339"}],"version-history":[{"count":7,"href":"https:\/\/veronastudio.eu\/pl\/wp-json\/wp\/v2\/pages\/339\/revisions"}],"predecessor-version":[{"id":817,"href":"https:\/\/veronastudio.eu\/pl\/wp-json\/wp\/v2\/pages\/339\/revisions\/817"}],"wp:attachment":[{"href":"https:\/\/veronastudio.eu\/pl\/wp-json\/wp\/v2\/media?parent=339"}],"curies":[{"name":"wp","href":"https:\/\/api.w.org\/{rel}","templated":true}]}}

<div class="wpb-content-wrapper">[vc_section full_width=&#8221;stretch_row&#8221; el_class=&#8221;verona-subheader&#8221;][vc_row content_placement=&#8221;bottom&#8221;][vc_column offset=&#8221;vc_col-lg-7&#8243;][vc_column_text el_class=&#8221;subheader-heading&#8221;]
<h1>Cennik</h1>
[/vc_column_text][/vc_column][vc_column offset=&#8221;vc_col-lg-5&#8243;][/vc_column][/vc_row][/vc_section][vc_section full_width=&#8221;stretch_row&#8221; el_class=&#8221;verona-pricelist&#8221;][vc_row][vc_column offset=&#8221;vc_col-lg-offset-2 vc_col-lg-8&#8243;][vc_column_text]<strong>Proszę pamiętać, że odwołanie wizyty mniej niż 24h przed jej rozpoczęciem wiąże się z opłatą 50% wartości umówionego zabiegu.</strong>[/vc_column_text]	<div id="thb-accordion-69f2e1a378145" class="thb-accordion style2 " data-scroll="" data-index="0">
		[vc_tta_section title=&#8221;Makijaż permanentny&#8221; tab_id=&#8221;1585843945739-98f4e33a-7e00&#8243; el_class=&#8221;makijaz-permanentny&#8221;][vc_column_text]
<h5>Makijaż permanentny brwi</h5>
<table style="border-collapse: collapse; width: 100%;">
<tbody>
<tr>
<td style="width: 50%;">Makijaż permanentny brwi metoda Ombre Brows (2 wizyty)</td>
<td style="width: 50%;">250 €</td>
</tr>
<tr>
<td style="width: 50%;">Dopigmentowanie do 8 tygodni</td>
<td style="width: 50%;">Gratis</td>
</tr>
<tr>
<td style="width: 50%;">Dopigmentowanie po 8 tygodniach</td>
<td style="width: 50%;">Do ustalenia</td>
</tr>
<tr>
<td style="width: 50%;">Korekta do 6 miesięcy</td>
<td style="width: 50%;">60 €</td>
</tr>
<tr>
<td style="width: 50%;">Korekta do 1 roku</td>
<td style="width: 50%;">125 €</td>
</tr>
<tr>
<td style="width: 50%;">Korekta do 2 lat</td>
<td style="width: 50%;">Do ustalenia</td>
</tr>
</tbody>
</table>
[/vc_column_text][vc_column_text]
<h5>Makijaż permanentny ust</h5>
<table style="border-collapse: collapse; width: 100%;">
<tbody>
<tr>
<td style="width: 50%;">Makijaż permanentny ust</td>
<td style="width: 50%;">250 €</td>
</tr>
<tr>
<td style="width: 50%;">Dopigmentowanie do 8 tygodni</td>
<td style="width: 50%;">Gratis</td>
</tr>
<tr>
<td style="width: 50%;">Dopigmentowanie po 8 tygodniach</td>
<td style="width: 50%;">Do ustalenia</td>
</tr>
<tr>
<td style="width: 50%;">Korekta do 6 miesięcy</td>
<td style="width: 50%;">60 €</td>
</tr>
<tr>
<td style="width: 50%;">Korekta do 1 roku</td>
<td style="width: 50%;">125 €</td>
</tr>
<tr>
<td style="width: 50%;">Korekta do 2 lat</td>
<td style="width: 50%;">Do ustalenia</td>
</tr>
</tbody>
</table>
[/vc_column_text][vc_column_text el_class=&#8221;disclaimer&#8221;]Zastrzegam, iż cena dopigmentowania / korekty makijażu permanentnego może ulec zmianie z powodu stanu (intensywności) makijażu permanentnego, który posiada klientka. Dlatego przed zapisem na odświeżenie proszę o dokumentację zdjęciową obecnego stanu makijażu permanentnego, abym mogła wycenić usługę oraz zarezerwować odpowiednią ilość czasu.[/vc_column_text][/vc_tta_section][vc_tta_section title=&#8221;Stylizacja brwi&#8221; tab_id=&#8221;1585843945758-bb23e575-3a70&#8243; el_class=&#8221;stylizacja-brwi&#8221;][vc_column_text]
<table style="border-collapse: collapse; width: 100%;">
<tbody>
<tr>
<td style="width: 50%;">Regulacja brwi + henna Reflectocil</td>
<td style="width: 50%;">25 €</td>
</tr>
<tr>
<td style="width: 50%;">Henna brwi BrowXenna (6 tygodni)</td>
<td style="width: 50%;">30 €</td>
</tr>
</tbody>
</table>
[/vc_column_text][/vc_tta_section][vc_tta_section title=&#8221;Lifting rzęs&#8221; tab_id=&#8221;1585849654330-fa9e850e-ba63&#8243; el_class=&#8221;lifting-rzes&#8221;][vc_column_text]
<table style="border-collapse: collapse; width: 100%;">
<tbody>
<tr>
<td style="width: 50%;">Lifting, laminacja, botox, henna rzęs Elleebana</td>
<td style="width: 50%;">40 €</td>
</tr>
</tbody>
</table>
[/vc_column_text][/vc_tta_section][vc_tta_section title=&#8221;Manicure i Nail Art&#8221; tab_id=&#8221;1585849666684-80b80295-3f0b&#8221; el_class=&#8221;manicure&#8221;][vc_column_text]
<h5>Manicure hybrydowy</h5>
<table style="border-collapse: collapse; width: 100%;">
<tbody>
<tr>
<td style="width: 50%;">1 kolor</td>
<td style="width: 50%;">45 €</td>
</tr>
</tbody>
</table>
[/vc_column_text][vc_column_text]
<h5>Żel na naturalnej płytce</h5>
<table style="border-collapse: collapse; width: 100%;">
<tbody>
<tr>
<td style="width: 50%;">Żel na naturalnej płytce + 1 kolor</td>
<td style="width: 50%;">50 €</td>
</tr>
<tr>
<td style="width: 50%;">Naprawa paznokcia (1 sztuka)</td>
<td style="width: 50%;">5 €</td>
</tr>
<tr>
<td style="width: 50%;">Usuniecie starego setu (nie moja praca)</td>
<td style="width: 50%;">5 €</td>
</tr>
</tbody>
</table>
[/vc_column_text][vc_column_text]
<h5>BIAB Manicure</h5>
<table style="border-collapse: collapse; width: 100%;">
<tbody>
<tr>
<td style="width: 50%;">BIAB Manicure</td>
<td style="width: 50%;">50 €</td>
</tr>
</tbody>
</table>
[/vc_column_text][vc_column_text]
<h5>Przedłużanie paznokci na formie / żel</h5>
<table style="border-collapse: collapse; width: 100%;">
<tbody>
<tr>
<td style="width: 50%;">Przedłużanie paznokci na formie / żel</td>
<td style="width: 50%;">60 €</td>
</tr>
<tr>
<td style="width: 50%;">Uzupełnienie do 4 tygodni</td>
<td style="width: 50%;">50 €</td>
</tr>
<tr>
<td style="width: 50%;">Naprawa paznokcia (szt.)</td>
<td style="width: 50%;">5 €</td>
</tr>
</tbody>
</table>
[/vc_column_text][vc_column_text]
<h5>Zdobienie paznokci</h5>
<table style="border-collapse: collapse; width: 97.1284%;">
<tbody>
<tr>
<td style="width: 50%;">French</td>
<td style="width: 50%;">10 €</td>
</tr>
<tr>
<td style="width: 50%;">Babyboomer</td>
<td style="width: 50%;">5 €</td>
</tr>
<tr>
<td style="width: 50%;">Nail Art -zdobienie liczone indywidualnie</td>
<td style="width: 50%;">Wyślij zdjęcie inspiracji i zapytaj mnie o cenę</td>
</tr>
</tbody>
</table>
<p>Reklamacja do 5 dni[/vc_column_text][/vc_tta_section][vc_tta_section title=&#8221;Pielęgnacja dłoni&#8221; tab_id=&#8221;1585849682307-94af50c7-b0ca&#8221; el_class=&#8221;pielegnacja-dloni&#8221;][vc_column_text]
<table style="border-collapse: collapse; width: 100%;">
<tbody>
<tr>
<td style="width: 50%;">Parafina na dłonie: Pełny zabieg pielęgnacyjny dłoni (peeling, parafina, maska)</td>
<td style="width: 50%;">35 €</td>
</tr>
</tbody>
</table>
[/vc_column_text][/vc_tta_section][vc_tta_section title=&#8221;Depilacja woskiem&#8221; tab_id=&#8221;1585849697577-ed306206-46b5&#8243; el_class=&#8221;depilacja-woskiem&#8221;][vc_column_text]
<table style="border-collapse: collapse; width: 100%;">
<tbody>
<tr>
<td style="width: 50%;">Brwi</td>
<td style="width: 50%;">10 €</td>
</tr>
<tr>
<td style="width: 50%;">Wąsik</td>
<td style="width: 50%;">5 €</td>
</tr>
<tr>
<td style="width: 50%;">Broda</td>
<td style="width: 50%;">5 €</td>
</tr>
<tr>
<td style="width: 50%;">Policzki</td>
<td style="width: 50%;">10 €</td>
</tr>
<tr>
<td style="width: 50%;">Pachy</td>
<td style="width: 50%;">10 €</td>
</tr>
<tr>
<td style="width: 50%;">Ręce</td>
<td style="width: 50%;">15 € &#8211; 25 €</td>
</tr>
<tr>
<td style="width: 50%;">Bikini</td>
<td style="width: 50%;">15 € &#8211; 35 €</td>
</tr>
<tr>
<td style="width: 50%;">Nogi (łydki+uda)</td>
<td style="width: 50%;">50 €</td>
</tr>
</tbody>
</table>
[/vc_column_text][/vc_tta_section]	</div>
	[/vc_column][/vc_row][/vc_section]
</div>

<p>[vc_section full_width=&#8221;stretch_row&#8221; el_class=&#8221;verona-subheader&#8221;][vc_row content_placement=&#8221;bottom&#8221;][vc_column offset=&#8221;vc_col-lg-7&#8243;][vc_column_text el_class=&#8221;subheader-heading&#8221;] Cennik [/vc_column_text][/vc_column][vc_column offset=&#8221;vc_col-lg-5&#8243;][/vc_column][/vc_row][/vc_section][vc_section full_width=&#8221;stretch_row&#8221; el_class=&#8221;verona-pricelist&#8221;][vc_row][vc_column offset=&#8221;vc_col-lg-offset-2 vc_col-lg-8&#8243;][vc_column_text]Proszę pamiętać, że odwołanie wizyty mniej niż 24h przed jej rozpoczęciem wiąże się z opłatą 50% wartości umówionego zabiegu.[/vc_column_text][/vc_column][/vc_row][/vc_section]</p>
